 is the tens digit of q + -2 + i/(-3)?
1
Let t = -2 - 0. What is the units digit of (5 + (t - 2))*7?
7
Let u(o) be the first derivative of 2*o**3/3 + 2*o**2 + 5*o + 14. What is the tens digit of u(4)?
5
Let k = -34 - -39. Suppose -k*h + 0*h + 800 = 4*s, 4*h = -5*s + 649. What is the tens digit of h?
5
Let s = 1608 - 1064. What is the tens digit of s?
4
Let t(n) = -n**3 - 9*n**2 - 4*n + 13. Let y = 11 + -20. Let h be t(y). Suppose -5*x + 86 = -h. What is the tens digit of x?
2
Suppose -r + 5*q = 5, 3*q = -3*r - 52 - 35. Let o = r + 158. What is the hundreds digit of o?
1
Let x = 17 - 13. Suppose 3*v + x*u = 66 + 23, -3*u = -6. Suppose 4*m - 7 - v = -2*c, 13 = -c + 4*m. What is the units digit of c?
7
Let l(d) = 29*d - 3. Let j be l(4). Suppose -2*v = 5*b - 3*v + j, -3 = -v. Let s = b - -42. What is the tens digit of s?
2
Suppose 4*k + 5*n - 1297 = 6*n, -2*k - 4*n + 644 = 0. Suppose -4*u + k - 4 = 0. What is the tens digit of u?
8
Suppose -11*d + 60 = -8*d. Suppose -d = -x + 18. What is the tens digit of x?
3
Suppose x - 36 = 5*x. Let d = 20 + x. What is the tens digit of d?
1
Suppose 27*g = -15*g + 294. Let k = -8 + 12. Suppose -k*p + g*p = 21. What is the units digit of p?
7
Let z(d) = -d + 16. Let t be z(9). Suppose t*k - 5*k - 152 = 0. What is the units digit of k?
6
Let g = 3124 - 2118. What is the thousands digit of g?
1
Let l(x) = -3*x + 1. Let z be l(-1). Let t(c) = 3*c - 10. Let p be t(z). Suppose 0*k = -p*k + 72. What is the units digit of k?
6
Let m(g) = 6*g**2 + 34*g + 12. What is the tens digit of m(-6)?
2
Let f be 4/(-14) + 264/42 + -4. Suppose 3*r + r + 3*z - 266 = 0, f*z - 200 = -3*r. What is the units digit of r?
8
Suppose 21*m = 20*m - 293. Let w = 153 + m. What is the tens digit of (-6260)/w + (-2)/(-7)?
4
Let o be (-18)/30 - 594/10. Let l be (-4)/(-10) - 216/o. Suppose -155 = -l*u - u. What is the tens digit of u?
3
What is the thousands digit of (129*(-14)/(-84))/(2/108)?
1
Let v be -12 - (-1 - -2)*-1. Let i = -13 - v. Let c(y) = -2*y**3 + y**2 - y. What is the units digit of c(i)?
2
Let z be (14 + -4 + 3)/1. Let g = 16 + z. What is the units digit of g?
9
Suppose -5*c + 2000 = -5*z, c - 3*z = -c + 801. What is the units digit of c?
9
What is the units digit of -1 + (-4 - -8 - -5371)*1?
4
Suppose 372*a - 370*a - 1522 = 0. What is the hundreds digit of a?
7
Let x be (-20)/(-5) + 0 - 129. Let b = -88 - x. Suppose 36*n - b*n + 39 = 0. What is the tens digit of n?
3
Let y = -119 + 69. Let q = 74 + y. What is the units digit of q?
4
Suppose 2*b + 2 = 136. What is the units digit of b?
7
Let w = -797 - -1806. What is the thousands digit of w?
1
Let p(z) = -25. Let i(b) = -b + 26. Let c(w) = 5*i(w) + 6*p(w). What is the tens digit of c(-8)?
2
Let k(j) = -44*j + 36. What is the hundreds digit of k(-5)?
2
Suppose -4*x - 2*z = -507 + 35, -464 = -4*x + 2*z. Let a = -47 + x. Let q = -24 + a. What is the units digit of q?
6
Suppose 32 = 3*q + n - 0*n, 31 = 3*q + 2*n. Suppose 0 = -4*k - 3*o - 72, 5*o - 9 - q = 0. What is the units digit of -1 + (1 - (k + 3))?
8
Suppose b - w + 6*w - 4044 = 0, -b = 3*w - 4050. What is the thousands digit of b?
4
Suppose 7*m = 2*m + 4*j + 156, -3*m + j = -88. What is the hundreds digit of (-9*6/(-7))/(2/m)?
1
Let x be (-6)/(-8)*(-40)/(-15). Let l be (x + 0)*(2 + 5). Suppose l - 59 = -5*s. What is the units digit of s?
9
Suppose -12*k - 7260 = -14*k - 2*v, 0 = -k + 4*v + 3635. What is the hundreds digit of k?
6
Let i(j) = -j**2 + 21*j - 24. Let k be i(14). Let p = k + 13. What is the units digit of p?
7
Let h(u) be the third derivative of 79*u**4/24 + u**3/6 - 2*u**2. Let p be h(1). Suppose 15*w - 11*w = p. What is the tens digit of w?
2
Let k be 3/2*(-40)/6. Let u = -5 - k. Suppose 5*y + 2*b - 24 = 0, -u*y - 2*b = -y - 20. What is the units digit of y?
4
Let p(j) = -180*j**3 + 2*j**2 + 2*j - 1. Let v be p(-1). Let s = -60 + v. What is the units digit of s?
9
Suppose -5*l - 10 = 0, l + 4*l = -5*s - 10. What is the hundreds digit of 96 + s + 0/(-2) + 4?
1
Let a = 0 - -2. Let v be 8/24 + (2 - (-310)/6). Suppose u + 256 = 6*u + 4*c, -u = -a*c - v. What is the units digit of u?
2
Let q(b) = 6*b**2 - 5*b**2 + 34 - 27*b - 2*b**2. What is the units digit of q(-21)?
0
Suppose -3*y + 72 + 164 = 4*s, 4*s - 5*y - 236 = 0. Let t = s - 12. What is the tens digit of t?
4
Let p(h) = -4*h - 15. Let o be p(-6). Let w be (-104)/(-6) - (-6)/o. Suppose -a + 18 = -w. What is the units digit of a?
6
Let p be 0*-1*(0 + 1). Let z(r) be the second derivative of r**4/12 + r**3/6 + 5*r**2/2 - 65*r. What is the units digit of z(p)?
5
Let a = 0 + -1. What is the units digit of 44 - 0/(-3) - (-1)/a?
3
Let v be 6*(2 - 4)*2/4. Let o(j) = -j**3 - 3*j**2 - 3*j. What is the units digit of o(v)?
6
Suppose -8 = f - 2*r, -3*r + 13 = 3*f - 8. Suppose 0*m + 4 = -2*m, 0 = -f*w + m + 254. What is the hundreds digit of w?
1
What is the units digit of 2 + 1227*2/6?
1
Let z = -25 + 39. Suppose 5*q + z = -6. Let t = q - -8. What is the units digit of t?
4
Suppose 0 = 23*q - 21*q + 2284. What is the tens digit of 2/(-6) - q/6?
9
Let x = 10 + -8. Suppose 0 = 5*d + 4*l - 2*l - 30, -x*l + 10 = 0. What is the units digit of 24 - (-5 + d + -3)?
8
Let h(w) = 60*w**2 + 10*w - 11. What is the units digit of h(1)?
9
Suppose 1016 = 4*t - c, -5*t - 4*c = -1591 + 321. What is the hundreds digit of t?
2
Suppose 167 = 4*g - 201. What is the units digit of g?
2
Let b(x) = -2*x**3 - 6*x**2 - x + 4. Suppose 0 = -r + 2*l - 6, -2*r + 0*r + l - 9 = 0. What is the tens digit of b(r)?
4
Suppose 39*i + 14102 = 5*r + 38*i, 5*r + i - 14098 = 0. What is the tens digit of r?
2
Suppose v = r + 617, -3*v - 2*r + 1811 = 3*r. What is the tens digit of v?
1
Suppose -5*g - 2 = -3*g. Let p be 3 - (0 - -3) - g. What is the units digit of p/((3 + -4)*-1)?
1
Let d be (4/3)/(3 + (-46)/18). Suppose -d*j + 5*q = -55, -4*q + 0*q - 34 = -2*j. What is the tens digit of j?
2
Let i = 9 - 6. Suppose -2*l - 80 = i*l. What is the units digit of (-1)/(l/12 - -1)?
3
Let x = -233 + 3903. What is the units digit of x?
0
Suppose 2*q - 6*r = -4*r - 2, 4*q = 5*r - 8. Let w(a) be the third derivative of a**5/30 - a**4/6 - 3*a**2. What is the units digit of w(q)?
6
Let i be (210/45)/((-4)/6). Let b(l) = -l**2 - 7*l + 2. Let u be b(i). Suppose 92 = 2*p - u. What is the units digit of p?
7
Suppose 350 = -15*b + 2150. Suppose -2*l + 6*l = -3*j - 22, j = -3*l - 19. What is the units digit of (-2)/l - b/(-21)?
6
Let o be (-6)/(-21) - (-6)/(-21). Suppose 4*z + o*z + 16 = 0. What is the tens digit of -10*z/(-6)*-3?
2
Let c(a) = 1782*a - 325. What is the hundreds digit of c(2)?
2
What is the hundreds digit of (-8 - -6) + 9 + 166?
1
Let j = 1766 + -156. What is the tens digit of j?
1
Suppose 7*g = 3*g + 4192. What is the thousands digit of g?
1
Let x = 15 - 15. Let a(b) = -4*b + 22. What is the tens digit of a(x)?
2
Let t = -12 + 4. Let i = t - -63. Suppose -5*g + 2*x + 95 = 6*x, 2*x = -3*g + i. What is the units digit of g?
5
Let m be -6 - -1 - (5 + -1). Let y = m - -16. Suppose -10*u + y*u = -108. What is the tens digit of u?
3
What is the tens digit of (12 - 0)*(-5)/(-15) + 5043?
4
Let c(i) = i**3 - 6*i**2 + 4*i - 5. Let d be c(5). Suppose 4*h + 3*o - 6*o = 13, 5*h - 20 = 5*o. What is the units digit of 25/h - (-11 - d)?
6
Suppose 20*k = -4*k + 6024. What is the units digit of k?
1
Suppose 0 = -4*q - 3*m - 85, -3*m = -0*m - 3. Let g be 458/q + 4/(-22). Let r = 32 + g. What is the tens digit of r?
1
Let q(y) = -7 + y - 9*y + 7*y. Let a be q(0). Let s(z) = z**3 + 7*z**2 - 2*z - 4. What is the units digit of s(a)?
0
Suppose j + 2*z = 1701, -j - 5*z = -181 - 1508. What is the units digit of j?
9
Let y = 2082 + 796. What is the hundreds digit of y?
8
Let a be 4/(-14) - 31100/(-70). Let m = a + -233. What is the hundreds digit of m?
2
Let k be (2 - (-5 - -5))/(2*1). What is the units digit of ((-35)/30)/(((-2)/12)/k)?
7
Let k(z) = z**3 + 34*z**2 + 54*z + 14. What is the tens digit of k(-32)?
3
Let x be (-2)/(-5) - 17432/(-20). Suppose -27*i = -23*i - x. Suppose 5*j - 4*m - i = 0, -3*m = 3*j - j - 101. What is the tens digit of j?
4
Suppose -2 = a - 84. Let h = 11 + -6. Suppose -108 - 36 = -h*l + 3*w, -4*w = -3*l + a. What is the units digit of l?
0
Suppose -28*k - 4*r = -33*k + 3424, -3*r = -k + 676. What is the tens